{"id":3285,"date":"2025-03-24T09:57:49","date_gmt":"2025-03-24T08:57:49","guid":{"rendered":"https:\/\/noblaskolan.se\/vellinge\/?page_id=3285"},"modified":"2026-03-25T16:42:36","modified_gmt":"2026-03-25T15:42:36","slug":"arrie-forskola","status":"publish","type":"page","link":"https:\/\/noblaskolan.se\/vellinge\/arrie-forskola\/","title":{"rendered":"Arrie F\u00f6rskola"},"content":{"rendered":"\n\t\n\t\n\t\n\n\t\n\t\n\t\t\n<section  class=\"c-block l-stacked  \" data-color-scheme=\"transparent\">\n\t<div class=\"ams-fifty ams-fifty--container ams-fifty--right ams-fifty--bottom l-container u-pt-fluid-md-xl u-pb-fluid-md-xl\">\n\t\t<div class=\"ams-fifty__content l-stack l-stack-xl is-left is-left@lg\">\n\t\t\t<div class=\"ams-fifty__text l-stack l-stack-lg\">\n\t\t\t\t\t\n\t<h2\n\tclass=\"c-heading u-font-title-2 \"\n\tstyle=\"\">\n\t\t\n\t\t\t\t\tArrie f\u00f6rskola\n\t\t\t\t\n\t<\/h2>\n\n\t\t\t\t\t\t\t\t\t<div class=\"text l-stack u-font-body\">\n\t\t\t\t\t\t<h3>Om v\u00e5r f\u00f6rskola<\/h3>\n<p>P\u00e5 Arrie f\u00f6rskola arbetar vi f\u00f6r att skapa en varm, trygg och tydlig kultur d\u00e4r varje barn f\u00e5r m\u00f6jlighet att v\u00e4xa och utvecklas. Vi \u00e4r en liten f\u00f6rskola p\u00e5 landet med tv\u00e5 avdelningar, men vi l\u00e4gger stor vikt vid att det ska k\u00e4nnas som en helhet \u2013 en gemenskap. Genom att arbeta i l\u00e4rgrupper utifr\u00e5n barnens \u00e5lder skapar vi meningsfulla sammanhang och l\u00e4rmilj\u00f6er, alltid med barnens b\u00e4sta i fokus och i enlighet med v\u00e5ra styrdokument. V\u00e5ra tv\u00e5 avdelningar heter: Mattisborgen och K\u00f6rb\u00e4rsdalen. Plats s\u00f6ker man via schoolsoft.<\/p>\n<p>Vi prioriterar utevistelse och h\u00e4lsa \u2013 barnen \u00e4r ute varje dag och f\u00e5r r\u00f6ra sig i olika milj\u00f6er som stimulerar b\u00e5de motorik och nyfikenhet. Utelek och utflykter \u00e4r en viktig del av v\u00e5r pedagogik och vardag. Med hj\u00e4lp av v\u00e5ra utflyktscyklar r\u00f6r vi oss ofta i v\u00e5r n\u00e4rmilj\u00f6 \u2013 ett milj\u00f6v\u00e4nligt transportmedel som barnen \u00e4lskar och som ocks\u00e5 \u00e4r en naturlig del av v\u00e5rt h\u00e5llbarhetsarbete.<\/p>\n<p>V\u00e5r f\u00f6rskola ligger i ljusa, moderna lokaler d\u00e4r naturen alltid \u00e4r n\u00e4ra \u2013 med stora f\u00f6nster mot \u00e5krarna och \u00e5rstidernas skiftningar. Inredning och material \u00e4r noggrant utvalt f\u00f6r att erbjuda en tillg\u00e4nglig och stimulerande milj\u00f6.<\/p>\n<p>Vi har egen kock som lagar maten p\u00e5 plats med fokus p\u00e5 n\u00e4ringsrik och god mat. Vi str\u00e4var efter att anv\u00e4nda bra r\u00e5varor och undviker halvfabrikat \u2013 samtidigt vill vi vara transparenta med att vi inte alltid har m\u00f6jlighet att enbart v\u00e4lja ekologiskt eller n\u00e4rproducerat.<\/p>\n<h3><span style=\"font-size: 1.75rem; font-family: -apple-system, BlinkMacSystemFont, 'Segoe UI', Roboto, 'Helvetica Neue', Arial, 'Noto Sans', 'Liberation Sans', sans-serif, 'Apple Color Emoji', 'Segoe UI Emoji', 'Segoe UI Symbol', 'Noto Color Emoji';\">Visningar av f\u00f6rskolan<\/span><\/h3>\n<p>Vi erbjuder personliga visningar av v\u00e5r f\u00f6rskola f\u00f6r v\u00e5rdnadshavare som \u00e4r intresserade av att st\u00e4lla sig i k\u00f6. Hitta tider och hur du anm\u00e4ler dig p\u00e5 sidan <a href=\"https:\/\/noblaskolan.se\/vellinge\/koanmalan\/\">bes\u00f6k oss<\/a>.<\/p>\n\n\t\t\t\t\t<\/div>\n\t\t\t\t\t\t\t<\/div>\n\n\t\t\t\t\t<\/div>\n\n\t\t <div class=\"ams-fifty__media u-ratio-square\">\n\t\t \t\t\t\t\t<picture><source media=\"(min-width: 32em)\" srcset=\"https:\/\/noblaskolan.se\/wp-content\/uploads\/sites\/37\/2023\/08\/mariastadenhelsingborg2022-2027-2-scaled-600x400.jpg 600w, https:\/\/noblaskolan.se\/wp-content\/uploads\/sites\/37\/2023\/08\/mariastadenhelsingborg2022-2027-2-scaled-300x200.jpg 300w, https:\/\/noblaskolan.se\/wp-content\/uploads\/sites\/37\/2023\/08\/mariastadenhelsingborg2022-2027-2-scaled-400x267.jpg 400w, https:\/\/noblaskolan.se\/wp-content\/uploads\/sites\/37\/2023\/08\/mariastadenhelsingborg2022-2027-2-scaled-800x533.jpg 800w, https:\/\/noblaskolan.se\/wp-content\/uploads\/sites\/37\/2023\/08\/mariastadenhelsingborg2022-2027-2-scaled-1024x683.jpg 1024w, https:\/\/noblaskolan.se\/wp-content\/uploads\/sites\/37\/2023\/08\/mariastadenhelsingborg2022-2027-2-scaled-1200x800.jpg 1200w\" sizes=\"(min-width: 64em) 600px, calc(100vw - 160px)\" \/><source srcset=\"https:\/\/noblaskolan.se\/wp-content\/uploads\/sites\/37\/2023\/08\/mariastadenhelsingborg2022-2027-2-scaled-400x267.jpg 400w, https:\/\/noblaskolan.se\/wp-content\/uploads\/sites\/37\/2023\/08\/mariastadenhelsingborg2022-2027-2-scaled-300x200.jpg 300w, https:\/\/noblaskolan.se\/wp-content\/uploads\/sites\/37\/2023\/08\/mariastadenhelsingborg2022-2027-2-scaled-600x400.jpg 600w, https:\/\/noblaskolan.se\/wp-content\/uploads\/sites\/37\/2023\/08\/mariastadenhelsingborg2022-2027-2-scaled-800x533.jpg 800w, https:\/\/noblaskolan.se\/wp-content\/uploads\/sites\/37\/2023\/08\/mariastadenhelsingborg2022-2027-2-scaled-1024x683.jpg 1024w, https:\/\/noblaskolan.se\/wp-content\/uploads\/sites\/37\/2023\/08\/mariastadenhelsingborg2022-2027-2-scaled-1200x800.jpg 1200w\" sizes=\"(max-width: 63.99875em) calc(100vw - 160px)\" \/><img decoding=\"async\" width=\"600\" height=\"400\" src=\"https:\/\/noblaskolan.se\/wp-content\/uploads\/sites\/37\/2023\/08\/mariastadenhelsingborg2022-2027-2-scaled-600x400.jpg\" class=\"attachment-md size-md\" alt=\"Tv\u00e5 elever \u00e4r glada och kl\u00e4ttrar i ett tr\u00e4d.\" sizes=\"(min-width: 64em) 600px, calc(100vw - 160px)\" srcset=\"https:\/\/noblaskolan.se\/wp-content\/uploads\/sites\/37\/2023\/08\/mariastadenhelsingborg2022-2027-2-scaled-600x400.jpg 600w, https:\/\/noblaskolan.se\/wp-content\/uploads\/sites\/37\/2023\/08\/mariastadenhelsingborg2022-2027-2-scaled-300x200.jpg 300w, https:\/\/noblaskolan.se\/wp-content\/uploads\/sites\/37\/2023\/08\/mariastadenhelsingborg2022-2027-2-scaled-400x267.jpg 400w, https:\/\/noblaskolan.se\/wp-content\/uploads\/sites\/37\/2023\/08\/mariastadenhelsingborg2022-2027-2-scaled-800x533.jpg 800w, https:\/\/noblaskolan.se\/wp-content\/uploads\/sites\/37\/2023\/08\/mariastadenhelsingborg2022-2027-2-scaled-1024x683.jpg 1024w, https:\/\/noblaskolan.se\/wp-content\/uploads\/sites\/37\/2023\/08\/mariastadenhelsingborg2022-2027-2-scaled-1200x800.jpg 1200w\" \/><\/picture>\n\t\t\t\n\t\t\t\n\t\t\t\t\t<\/div>\n\t<\/div>\n\n\t\t\n\n<\/section>\n\n\n\n\t\n\t\n\t\n\n\t\n\t\n\t\t\n<section  class=\"c-block l-stacked  \" data-color-scheme=\"ljusgron\">\n\t<div class=\"ams-fifty ams-fifty--container ams-fifty--right ams-fifty--bottom l-container u-pt-fluid-2xl-4xl u-pb-fluid-2xl-4xl\">\n\t\t<div class=\"ams-fifty__content l-stack l-stack-xl is-left is-left@lg\">\n\t\t\t<div class=\"ams-fifty__text l-stack l-stack-lg\">\n\t\t\t\t\t\n\t<h1\n\tclass=\"c-heading u-font-title-1 \"\n\tstyle=\"\">\n\t\t\n\t\t\t\t\t\t\t\t\tEn vanlig dag \n\t\t\t\t<span class=\"c-heading__sub is-below u-font-title-3\">\n\t\t\t\t\tp\u00e5 Arrie f\u00f6rskola\n\t\t\t\t<\/span>\n\t\t\t\t\t\t\t\n\t<\/h1>\n\n\t\t\t\t\t\t\t\t\t<div class=\"text l-stack u-font-body\">\n\t\t\t\t\t\t<h3><strong>Lugn och trygg morgon<\/strong><\/h3>\n<p><span style=\"font-weight: 400;\">En vanlig dag p\u00e5 Arrie f\u00f6rskola b\u00f6rjar kl. 6.30 n\u00e4r vi \u00f6ppnar inne p\u00e5 K\u00f6rsb\u00e4rsdalen. D\u00e5 m\u00f6ter vi barnen och deras v\u00e5rdnadshavare och erbjuder olika stationer som barnen kan v\u00e4lja mellan, till exempel bygglek, pussel, b\u00f6cker eller skapande. Vi vill att morgonen ska k\u00e4nnas lugn och trygg, s\u00e5 att barnen f\u00e5r en fin start p\u00e5 dagen och hinner landa i verksamheten. <\/span><\/p>\n<h3><strong>R\u00f6relse utomhus prioriteras<\/strong><\/h3>\n<p><span style=\"font-weight: 400;\">Efter frukost brukar vi starta v\u00e5ra aktiviteter. Ofta g\u00e5r vi ut direkt p\u00e5 morgonen, eftersom vi tycker det \u00e4r viktigt att barnen f\u00e5r r\u00f6ra p\u00e5 sig och vara ute. Tv\u00e5 dagar i veckan har vi gemensamma uteaktiviteter d\u00e4r alla barn deltar. D\u00e5 arbetar vi mycket med r\u00f6relse, samarbets\u00f6vningar och regellekar. <\/span><\/p>\n<h3><strong>Aktiviteter anpassas utifr\u00e5n barnens intresse<\/strong><\/h3>\n<p><span style=\"font-weight: 400;\">De andra tre dagarna delar vi in barnen i l\u00e4rgrupper utifr\u00e5n \u00e5lder. D\u00e4r anpassar vi aktiviteterna efter barnens behov och intressen, till exempel inom spr\u00e5k, skapande, matematik och natur. Lunch \u00e4ter vi 11.15. P\u00e5 eftermiddagen f\u00e5r barnen ofta v\u00e4lja sj\u00e4lva vad de vill g\u00f6ra. Vi erbjuder olika aktiviteter, men l\u00e4mnar ocks\u00e5 utrymme f\u00f6r fri lek. Mellanm\u00e5l serveras kl. 14.15, och efter det g\u00e5r vi ut p\u00e5 g\u00e5rden. D\u00e4r leker barnen tills de blir h\u00e4mtade.<\/span><\/p>\n<h3><strong>Gymnastik bygger sj\u00e4lvf\u00f6rtroende och gemenskap<\/strong><\/h3>\n<p><span style=\"font-weight: 400;\">Det som barnen brukar tycka allra mest om \u00e4r v\u00e5r gymnastik i r\u00f6relserummet. Varje eftermiddag har vi en gymnastikgrupp, och det \u00e4r n\u00e5got barnen verkligen ser fram emot. De vet precis vilken dag det \u00e4r deras tur och pratar ofta om det i f\u00f6rv\u00e4g. Barnen blir v\u00e4ldigt stolta n\u00e4r de klarar nya saker, och man ser hur deras sj\u00e4lvf\u00f6rtroende v\u00e4xer. Det blir en stund fylld av skratt, energi och gemenskap. F\u00f6r m\u00e5nga barn \u00e4r det h\u00e4r dagens h\u00f6jdpunkt \u2013 en stund d\u00e4r de f\u00e5r r\u00f6ra p\u00e5 sig ordentligt, utmana sig sj\u00e4lva och ha roligt tillsammans.<\/span><\/p>\n\n\t\t\t\t\t<\/div>\n\t\t\t\t\t\t\t<\/div>\n\n\t\t\t\t\t<\/div>\n\n\t\t <div class=\"ams-fifty__media u-ratio-square\">\n\t\t \t\t\t\t\t<img decoding=\"async\" width=\"600\" height=\"402\" src=\"https:\/\/noblaskolan.se\/wp-content\/uploads\/sites\/37\/2026\/01\/arrie-forskola-600x402.jpg\" class=\"attachment-md size-md\" alt=\"Arrie f\u00f6rskolebyggnad och gr\u00e4smatt framf\u00f6r\" sizes=\"(min-width: 64em) 600px, calc(100vw - 160px)\" srcset=\"https:\/\/noblaskolan.se\/wp-content\/uploads\/sites\/37\/2026\/01\/arrie-forskola-600x402.jpg 600w, https:\/\/noblaskolan.se\/wp-content\/uploads\/sites\/37\/2026\/01\/arrie-forskola-300x201.jpg 300w, https:\/\/noblaskolan.se\/wp-content\/uploads\/sites\/37\/2026\/01\/arrie-forskola-400x268.jpg 400w, https:\/\/noblaskolan.se\/wp-content\/uploads\/sites\/37\/2026\/01\/arrie-forskola-800x536.jpg 800w, https:\/\/noblaskolan.se\/wp-content\/uploads\/sites\/37\/2026\/01\/arrie-forskola.jpg 1000w\" \/>\n\t\t\t\n\t\t\t\n\t\t\t\t\t<\/div>\n\t<\/div>\n\n\t\t\n\n<\/section>\n\n\n\n\t\n\t\n\t\n\n\t\n\t\n\t\t\n<section  class=\"c-block l-stacked  \" data-color-scheme=\"transparent\">\n\t<div class=\"ams-fifty ams-fifty--container ams-fifty--left ams-fifty--bottom l-container u-pt-fluid-md-xl u-pb-fluid-md-xl\">\n\t\t<div class=\"ams-fifty__content l-stack l-stack-xl is-left is-left@lg\">\n\t\t\t<div class=\"ams-fifty__text l-stack l-stack-lg\">\n\t\t\t\t\t\n\t<h2\n\tclass=\"c-heading u-font-title-2 \"\n\tstyle=\"\">\n\t\t\n\t\t\t\t\tOm inskolningen p\u00e5 f\u00f6rskolan\n\t\t\t\t\n\t<\/h2>\n\n\t\t\t\t\t\t\t\t\t<div class=\"text l-stack u-font-body\">\n\t\t\t\t\t\t<p dir=\"ltr\">Vi erbjuder en aktiv introduktion f\u00f6r v\u00e5rdnadshavare och barn, vilket inneb\u00e4r att de f\u00f6rsta dagarna \u00e4r v\u00e5rdnadshavarna tillsammans med sitt barn p\u00e5 f\u00f6rskolan. V\u00e5rdnadshavarna \u00e4r d\u00e5 involverade och hj\u00e4lper till att introducera barnet i f\u00f6rskolan. Pedagogerna finns med som ett st\u00f6d och n\u00e4rmar sig barnet successivt under introduktionen.<\/p>\n<p>Dag 1: kl 9-15 inkl lunch och mellanm\u00e5l<\/p>\n<p>Dag 2-3: kl 8-14 inkl frukost och lunch<\/p>\n<p>V\u00e5rdnadshavare och personal kommer sedan tillsammans \u00f6verens om det finns behov f\u00f6r fler dagar.<\/p>\n<p>Det p\u00e5g\u00e5r vanliga aktiviteter under introduktionen med tid f\u00f6r lek, mat och vila. Det \u00e4r viktigt f\u00f6r oss att barn och v\u00e5rdnadshavare upplever att det \u00e4r tryggt, l\u00e4rorikt och roligt i f\u00f6rskolan.<\/p>\n<p>Introduktionen \u00e4r grunden f\u00f6r en bra start p\u00e5 barnens f\u00f6rskolevistelse och f\u00f6r ett bra samarbete mellan v\u00e5rdnadshavare och pedagoger.<\/p>\n<p><b>Tydlighet &#8211; <\/b>under de f\u00f6rsta tre dagarna \u00e4r det du som v\u00e5rdnadshavare som tar hand om ditt barn, byter bl\u00f6jor, matar, kl\u00e4r av och p\u00e5 osv. Du ska v\u00e4gleda barnet in i de aktiviteter som pedagoger och \u00f6vriga barn \u00e4r sysselsatta med. Pedagogerna finns i er n\u00e4rhet och bygger medvetet upp kontakten med ditt\/dina barn.<\/p>\n<p><b>Trygghet &#8211;<\/b>\u00a0Var tillsammans med oss och delta s\u00e5 mycket som m\u00f6jligt under<b> <\/b>introduktionen f\u00f6r att du och ditt barn ska k\u00e4nna er trygga med oss. Ditt barn beh\u00f6ver inte tr\u00e4nas p\u00e5 att l\u00e4mnas utan p\u00e5 att vara h\u00e4r tillsammans med oss.<\/p>\n<p><b>L\u00e4mning <\/b>&#8211; N\u00e4r du ska l\u00e4mna ditt barn \u00e4r det du tillsammans med pedagogerna som avg\u00f6r n\u00e4r det \u00e4r dags att s\u00e4ga hej d\u00e5 och l\u00e4mna \u00f6ver till oss. D\u00e5 ger vi tillsammans barnet b\u00e4sta f\u00f6ruts\u00e4ttningar f\u00f6r att l\u00f6sa avskedet.<\/p>\n\n\t\t\t\t\t<\/div>\n\t\t\t\t\t\t\t<\/div>\n\n\t\t\t\t\t<\/div>\n\n\t\t <div class=\"ams-fifty__media u-ratio-portrait\">\n\t\t \t\t\t\t\t<img decoding=\"async\" width=\"600\" height=\"400\" src=\"https:\/\/noblaskolan.se\/wp-content\/uploads\/sites\/37\/2025\/08\/noblaskolanmariastaden202504forskolawebb19-600x400.jpg\" class=\"attachment-md size-md\" alt=\"Pojke sitter i kn\u00e4 p\u00e5 pedagog n\u00e4r de m\u00e5lar p\u00e5 f\u00f6rskolan.\" sizes=\"(min-width: 64em) 600px, calc(100vw - 160px)\" srcset=\"https:\/\/noblaskolan.se\/wp-content\/uploads\/sites\/37\/2025\/08\/noblaskolanmariastaden202504forskolawebb19-600x400.jpg 600w, https:\/\/noblaskolan.se\/wp-content\/uploads\/sites\/37\/2025\/08\/noblaskolanmariastaden202504forskolawebb19-300x200.jpg 300w, https:\/\/noblaskolan.se\/wp-content\/uploads\/sites\/37\/2025\/08\/noblaskolanmariastaden202504forskolawebb19-400x267.jpg 400w, https:\/\/noblaskolan.se\/wp-content\/uploads\/sites\/37\/2025\/08\/noblaskolanmariastaden202504forskolawebb19-800x534.jpg 800w, https:\/\/noblaskolan.se\/wp-content\/uploads\/sites\/37\/2025\/08\/noblaskolanmariastaden202504forskolawebb19.jpg 1000w\" \/>\n\t\t\t\n\t\t\t\n\t\t\t\t\t<\/div>\n\t<\/div>\n\n\t\t\n\n<\/section>\n\n\n\n<div style=\"height:22px\" aria-hidden=\"true\" class=\"wp-block-spacer\"><\/div>\n\n\n\n<h2 class=\"wp-block-heading has-text-align-center\">Bra saker att t\u00e4nka p\u00e5 inf\u00f6r inskolning<\/h2>\n\n\n\n<div style=\"height:17px\" aria-hidden=\"true\" class=\"wp-block-spacer\"><\/div>\n\n\n\n<p class=\"has-text-align-center\">-Ta med kl\u00e4der f\u00f6r b\u00e5de inomhus- och utomhuslek i alla v\u00e4der samt extrakl\u00e4der.<\/p>\n\n\n\n<p class=\"has-text-align-center\">-M\u00e4rk barnets tillh\u00f6righeter med namn.<\/p>\n\n\n\n<p class=\"has-text-align-center\">-Meddela eventuella allergier eller specialkost.<\/p>\n\n\n\n<p class=\"has-text-align-center\">-Se till att vi har korrekt och uppdaterad kontaktinformation till er som f\u00f6r\u00e4lder.<\/p>\n\n\n\n<div style=\"height:54px\" aria-hidden=\"true\" class=\"wp-block-spacer\"><\/div>\n\n\n\n\n<section  class=\"ams-cta ams-cta--stacked c-block l-stacked ams-border\" data-color-scheme=\"ljusgron\">\n\t<div class=\"l-container-narrow l-stack l-stack-fluid-2xl u-pt-fluid-2xl-4xl u-pb-fluid-2xl-4xl is-center is-center@md\">\n\t\t\t\t\t<div class=\"ams-cta__intro l-stack l-stack-lg\">\n\t\t\t\t\t\n\t<h2\n\tclass=\"c-heading u-font-title-1 \"\n\tstyle=\"\">\n\t\t\n\t\t\t\t\tVill du s\u00f6ka till v\u00e5r f\u00f6rskola?\n\t\t\t\t\n\t<\/h2>\n\n\t\t\t\t\t\t\t\t\t<div class=\"c-text l-stack u-cs-xl u-font-body\">\n\t\t\t\t\t\t<p>L\u00e4s mer om k\u00f6anm\u00e4lan och st\u00e4ll ditt barn i k\u00f6 till Arrie f\u00f6rskola.<\/p>\n\n\t\t\t\t\t<\/div>\n\t\t\t\t\t\t\t<\/div>\n\t\t\n\t\t\n\t\t\t<div class=\"ams-cta__action u-inline-items\">\n\t\t\t\t\t\t\t\n\n\n<a href=\"https:\/\/noblaskolan.se\/vellinge\/koanmalan\/\"\n\t\n\tclass=\"c-btn \"\n\tdata-style=\"round\"\n\tdata-size=\"md\"\n\tdata-width=\"full-mobile\"\n\tdata-variant=\"default\"\n\ttarget=\"_self\">\n\t\t\t<span class=\"label\"> St\u00e4ll ditt barn i k\u00f6<\/span>\n\t\t\t<\/a>\n\t\t\t<\/div>\n\t<\/div>\n\n\t\t\n\n<\/section>\n","protected":false},"excerpt":{"rendered":"<p>Bra saker att t\u00e4nka p\u00e5 inf\u00f6r inskolning -Ta med kl\u00e4der f\u00f6r b\u00e5de inomhus- och utomhuslek i alla v\u00e4der samt extrakl\u00e4der. -M\u00e4rk barnets tillh\u00f6righeter med namn. -Meddela eventuella allergier eller specialkost. -Se till att vi har korrekt och uppdaterad kontaktinformation till er som f\u00f6r\u00e4lder.<\/p>\n","protected":false},"author":93,"featured_media":0,"parent":0,"menu_order":0,"comment_status":"closed","ping_status":"closed","template":"","meta":{"footnotes":""},"yoast_head":"<!-- This site is optimized with the Yoast SEO plugin v22.0 - https:\/\/yoast.com\/wordpress\/plugins\/seo\/ -->\n<title>Vellinge<\/title>\n<meta name=\"robots\" content=\"index, follow, max-snippet:-1, max-image-preview:large, max-video-preview:-1\" \/>\n<link rel=\"canonical\" href=\"https:\/\/noblaskolan.se\/vellinge\/arrie-forskola\/\" \/>\n<meta property=\"og:locale\" content=\"sv_SE\" \/>\n<meta property=\"og:type\" content=\"article\" \/>\n<meta property=\"og:url\" content=\"https:\/\/noblaskolan.se\/vellinge\/arrie-forskola\/\" \/>\n<meta property=\"og:site_name\" content=\"Vellinge\" \/>\n<meta property=\"article:modified_time\" content=\"2026-03-25T15:42:36+00:00\" \/>\n<meta name=\"twitter:card\" content=\"summary_large_image\" \/>\n<meta name=\"twitter:label1\" content=\"Ber\u00e4knad l\u00e4stid\" \/>\n\t<meta name=\"twitter:data1\" content=\"6 minuter\" \/>\n<script type=\"application\/ld+json\" class=\"yoast-schema-graph\">{\"@context\":\"https:\/\/schema.org\",\"@graph\":[{\"@type\":\"WebPage\",\"@id\":\"https:\/\/noblaskolan.se\/vellinge\/arrie-forskola\/\",\"url\":\"https:\/\/noblaskolan.se\/vellinge\/arrie-forskola\/\",\"name\":\"Arrie F\u00f6rskola | Vellinge\",\"isPartOf\":{\"@id\":\"https:\/\/noblaskolan.se\/vellinge\/#website\"},\"datePublished\":\"2025-03-24T08:57:49+00:00\",\"dateModified\":\"2026-03-25T15:42:36+00:00\",\"breadcrumb\":{\"@id\":\"https:\/\/noblaskolan.se\/vellinge\/arrie-forskola\/#breadcrumb\"},\"inLanguage\":\"sv-SE\",\"potentialAction\":[{\"@type\":\"ReadAction\",\"target\":[\"https:\/\/noblaskolan.se\/vellinge\/arrie-forskola\/\"]}]},{\"@type\":\"BreadcrumbList\",\"@id\":\"https:\/\/noblaskolan.se\/vellinge\/arrie-forskola\/#breadcrumb\",\"itemListElement\":[{\"@type\":\"ListItem\",\"position\":1,\"name\":\"Start\",\"item\":\"https:\/\/noblaskolan.se\/vellinge\/\"},{\"@type\":\"ListItem\",\"position\":2,\"name\":\"Arrie F\u00f6rskola\"}]},{\"@type\":\"WebSite\",\"@id\":\"https:\/\/noblaskolan.se\/vellinge\/#website\",\"url\":\"https:\/\/noblaskolan.se\/vellinge\/\",\"name\":\"Vellinge\",\"description\":\"Noblaskolan Vellinge\",\"potentialAction\":[{\"@type\":\"SearchAction\",\"target\":{\"@type\":\"EntryPoint\",\"urlTemplate\":\"https:\/\/noblaskolan.se\/vellinge\/?s={search_term_string}\"},\"query-input\":\"required name=search_term_string\"}],\"inLanguage\":\"sv-SE\"}]}<\/script>\n<!-- \/ Yoast SEO plugin. -->","yoast_head_json":{"title":"Vellinge","robots":{"index":"index","follow":"follow","max-snippet":"max-snippet:-1","max-image-preview":"max-image-preview:large","max-video-preview":"max-video-preview:-1"},"canonical":"https:\/\/noblaskolan.se\/vellinge\/arrie-forskola\/","og_locale":"sv_SE","og_type":"article","og_url":"https:\/\/noblaskolan.se\/vellinge\/arrie-forskola\/","og_site_name":"Vellinge","article_modified_time":"2026-03-25T15:42:36+00:00","twitter_card":"summary_large_image","twitter_misc":{"Ber\u00e4knad l\u00e4stid":"6 minuter"},"schema":{"@context":"https:\/\/schema.org","@graph":[{"@type":"WebPage","@id":"https:\/\/noblaskolan.se\/vellinge\/arrie-forskola\/","url":"https:\/\/noblaskolan.se\/vellinge\/arrie-forskola\/","name":"Arrie F\u00f6rskola | Vellinge","isPartOf":{"@id":"https:\/\/noblaskolan.se\/vellinge\/#website"},"datePublished":"2025-03-24T08:57:49+00:00","dateModified":"2026-03-25T15:42:36+00:00","breadcrumb":{"@id":"https:\/\/noblaskolan.se\/vellinge\/arrie-forskola\/#breadcrumb"},"inLanguage":"sv-SE","potentialAction":[{"@type":"ReadAction","target":["https:\/\/noblaskolan.se\/vellinge\/arrie-forskola\/"]}]},{"@type":"BreadcrumbList","@id":"https:\/\/noblaskolan.se\/vellinge\/arrie-forskola\/#breadcrumb","itemListElement":[{"@type":"ListItem","position":1,"name":"Start","item":"https:\/\/noblaskolan.se\/vellinge\/"},{"@type":"ListItem","position":2,"name":"Arrie F\u00f6rskola"}]},{"@type":"WebSite","@id":"https:\/\/noblaskolan.se\/vellinge\/#website","url":"https:\/\/noblaskolan.se\/vellinge\/","name":"Vellinge","description":"Noblaskolan Vellinge","potentialAction":[{"@type":"SearchAction","target":{"@type":"EntryPoint","urlTemplate":"https:\/\/noblaskolan.se\/vellinge\/?s={search_term_string}"},"query-input":"required name=search_term_string"}],"inLanguage":"sv-SE"}]}},"_links":{"self":[{"href":"https:\/\/noblaskolan.se\/vellinge\/wp-json\/wp\/v2\/pages\/3285"}],"collection":[{"href":"https:\/\/noblaskolan.se\/vellinge\/wp-json\/wp\/v2\/pages"}],"about":[{"href":"https:\/\/noblaskolan.se\/vellinge\/wp-json\/wp\/v2\/types\/page"}],"author":[{"embeddable":true,"href":"https:\/\/noblaskolan.se\/vellinge\/wp-json\/wp\/v2\/users\/93"}],"replies":[{"embeddable":true,"href":"https:\/\/noblaskolan.se\/vellinge\/wp-json\/wp\/v2\/comments?post=3285"}],"version-history":[{"count":10,"href":"https:\/\/noblaskolan.se\/vellinge\/wp-json\/wp\/v2\/pages\/3285\/revisions"}],"predecessor-version":[{"id":3603,"href":"https:\/\/noblaskolan.se\/vellinge\/wp-json\/wp\/v2\/pages\/3285\/revisions\/3603"}],"wp:attachment":[{"href":"https:\/\/noblaskolan.se\/vellinge\/wp-json\/wp\/v2\/media?parent=3285"}],"curies":[{"name":"wp","href":"https:\/\/api.w.org\/{rel}","templated":true}]}}